in base 15?
-caa
326 (base 15) to base 12
4b3
1111111100 (base 2) to base 6
4420
What is 28b2 (base 12) in base 7?
16553
-266 (base 16) to base 2
-1001100110
Convert -2022111 (base 3) to base 11.
-12a4
Convert 134 (base 7) to base 13.
59
-13116 (base 7) to base 15
-107c
What is -233024 (base 5) in base 2?
-10000101000010
What is 866 (base 13) in base 14?
748
Convert -1ee3 (base 16) to base 6.
-100335
-1c6 (base 15) to base 11
-344
875 (base 15) to base 11
1487
27124 (base 9) to base 11
12852
What is 1000101110110 (base 2) in base 4?
1011312
Convert 1000000101101 (base 2) to base 11.
3125
What is -6557 (base 8) in base 13?
-1747
What is 713 (base 10) in base 5?
10323
Convert -321032 (base 5) to base 9.
-15683
-34499 (base 12) to base 9
-115680
42142 (base 6) to base 15
1a38
What is -25 (base 11) in base 16?
-1b
-2207 (base 9) to base 10
-1627
Convert 4003 (base 9) to base 13.
1437
Convert -192 (base 15) to base 10.
-362
-1206 (base 8) to base 12
-45a
Convert -4 (base 10) to base 16.
-4
-67a4 (base 11) to base 4
-2023303
10040 (base 8) to base 15
1353
What is 3222 (base 8) in base 10?
1682
-20123 (base 4) to base 6
-2255
Convert 12005 (base 11) to base 6.
212044
2005 (base 7) to base 3
221121
231031 (base 4) to base 3
10222011
Convert -14420 (base 5) to base 13.
-740
What is -652 (base 9) in base 16?
-215
Convert 616 (base 9) to base 16.
1f5
Convert 1013300 (base 4) to base 5.
121332
What is -1110110111 (base 2) in base 9?
-1266
Convert -111100001 (base 2) to base 9.
-584
Convert 1830 (base 12) to base 4.
231210
Convert 1 (base 14) to base 3.
1
113214 (base 6) to base 14
3802
Convert -13652 (base 7) to base 9.
-5138
Convert 4026 (base 9) to base 13.
1452
What is 987 (base 10) in base 5?
12422
96a (base 13) to base 11
1233
34120 (base 6) to base 13
2253
Convert 7301 (base 9) to base 11.
4021
Convert -1dc (base 16) to base 11.
-3a3
What is -1330433 (base 6) in base 8?
-220465
369 (base 16) to base 14
465
467 (base 13) to base 16
2f9
-10236 (base 7) to base 5
-40101
794 (base 10) to base 4
30122
What is -4041 (base 6) in base 3?
-1012221
What is a73 (base 12) in base 3?
2002120
What is -12230 (base 4) in base 11?
-35a
267 (base 14) to base 6
2123
-9a19 (base 12) to base 8
-41165
Convert 2748 (base 11) to base 2.
110111101001
-500a (base 14) to base 3
-200211112
Convert 11001110 (base 2) to base 14.
10a
What is 95 (base 15) in base 12?
b8
Convert 324161 (base 7) to base 9.
85675
Convert 12310133 (base 4) to base 8.
66437
What is -128a5 (base 13) in base 15?
-a312
-517 (base 9) to base 13
-265
What is 63 (base 13) in base 11?
74
What is -345 (base 16) in base 11?
-6a1
Convert -10213110 (base 4) to base 6.
-223300
52744 (base 10) to base 3
2200100111
Convert 127 (base 11) to base 3.
12120
What is -21075 (base 9) in base 7?
-55403
Convert 40735 (base 8) to base 15.
4ee1
Convert 38c (base 15) to base 14.
419
Convert 245 (base 9) to base 13.
128
Convert 244 (base 13) to base 15.
1b4
What is -120110 (base 3) in base 15?
-1cc
-15303 (base 6) to base 8
-4667
111110000100011 (base 2) to base 3
1121121000
15895 (base 16) to base 12
43071
Convert -882 (base 12) to base 4.
-103202
110001110000 (base 2) to base 14
1236
-6558 (base 11) to base 2
-10000111001110
Convert 212 (base 12) to base 7.
611
Convert -482 (base 9) to base 12.
-292
What is -1240 (base 6) in base 2?
-100111000
-254441 (base 6) to base 12
-11421
What is -170 (base 13) in base 12?
-198
What is 512 (base 6) in base 4?
2330
Convert 314200 (base 6) to base 12.
12960
-1181 (base 14) to base 10
-3053
Convert -19497 (base 10) to base 3.
-222202010
5b48 (base 12) to base 5
312110
What is -2110 (base 4) in base 3?
-12111
What is 102 (base 4) in base 8?
22
10200112100 (base 3) to base 13
27045
What is 10212202 (base 3) in base 6?
21032
-1011010010 (base 2) to base 13
-437
What is -2120000102 (base 3) in base 16?
-c488
Convert 542 (base 6) to base 9.
248
Convert -6ab (base 14) to base 13.
-7b1
Convert 1225 (base 8) to base 9.
814
What is 210 (base 11) in base 2?
11111101
Convert -444 (base 9) to base 3.
-111111
What is -282 (base 10) in base 14?
-162
Convert -20301 (base 4) to base 15.
-276
Convert -c06 (base 16) to base 13.
-152a
What is -1231304 (base 5) in base 3?
-1012212012
153b5 (base 14) to base 15
10a08
What is 3222 (base 5) in base 16?
1b5
Convert -197 (base 11) to base 14.
-123
What is -432103 (base 6) in base 4?
-20222013
What is -11112331 (base 4) in base 13?
-9cb5
What is -1214 (base 10) in base 4?
-102332
What is -21 (base 6) in base 3?
-111
-1210011 (base 3) to base 15
-5ba
What is 7025 (base 8) in base 7?
13340
Convert 1010000111011001 (base 2) to base 15.
c423
36 (base 14) to base 6
120
Convert 527 (base 13) to base 3.
1012112
Convert -78 (base 9) to base 14.
-51
Convert -221012 (base 4) to base 14.
-d5c
4423 (base 5) to base 11
508
Convert 11022021 (base 3) to base 9.
4267
-158 (base 9) to base 13
-a4
Convert 753 (base 13) to base 7.
3435
Convert -212 (base 14) to base 7.
-1122
Convert ba88 (base 14) to base 6.
405212
2457 (base 8) to base 7
3604
What is -5117 (base 9) in base 15?
-1197
243 (base 8) to base 6
431
35401 (base 9) to base 13
a9c6
-14665 (base 14) to base 3
-2120111012
What is 1341 (base 7) in base 14?
291
What is -278 (base 14) in base 10?
-498
Convert -1c0d (base 16) to base 7.
-26636
10010110101010 (base 2) to base 6
112350
-11111101110 (base 2) to base 11
-1586
What is 17358 (base 11) in base 13?
b139
Convert -556 (base 9) to base 2.
-111001000
-5e86 (base 16) to base 8
-57206
Convert 10632 (base 9) to base 14.
2816
-4620 (base 8) to base 14
-c6c
What is 1121 (base 6) in base 2?
100001001
-8572 (base 10) to base 8
-20574
What is 9a53 (base 11) in base 5?
410442
What is 523 (base 6) in base 10?
195
What is 1489 (base 11) in base 12?
1134
What is -1923 (base 12) in base 8?
-5753
1b (base 16) to base 13
21
-232414 (base 7) to base 9
-63184
-10104 (base 5) to base 16
-28e
-1122 (base 6) to base 5
-2031
Convert 329 (base 16) to base 7.
2234
What is -5bd (base 14) in base 16?
-47b
What is -387 (base 16) in base 12?
-633
Convert -1112121 (base 3) to base 16.
-463
Convert -10021021102 (base 3) to base 15.
-14102
-280 (base 13) to base 7
-1201
-2310 (base 6) to base 11
-457
What is 1032324 (base 5) in base 15?
5444
Convert -11324 (base 5) to base 3.
-1011002
470 (base 8) to base 12
220
What is -10000011010000111 (base 2) in base 15?
-14da7
Convert 1011001001 (base 2) to base 6.
3145
1102 (base 10) to base 13
66a
Convert 3355 (base 9) to base 7.
10142
Convert 5914 (base 12) to base 8.
23340
1757 (base 9) to base 2
10101000100
-2230 (base 6) to base 3
-201100
Convert -97f3 (base 16) to base 10.
-38899
What is -556 (base 13) in base 15?
-411
Convert 114265 (base 7) to base 11.
14631
What is a836 (base 16) in base 6?
531210
What is -666 (base 10) in base 8?
-1232
What is 1000011001 (base 2) in base 10?
537
-542 (base 10) to base 4
-20132
Convert -240 (base 5) to base 16.
-46
What is -84aa (base 11) in base 3?
-120102202
12705 (base 9) to base 14
31b9
What is 24100 (base 6) in base 15?
107c
What is -23 (base 16) in base 2?
-100011
What is 820 (base 15) in base 11?
1414
Convert -508 (base 12) to base 15.
-338
-26 (base 7) to base 3
-202
What is -422 (base 13) in base 4?
-23000
Convert -3422 (base 6) to base 14.
-418
What is 964c (base 14) in base 5?
1312230
What is -3120 (base 4) in base 15?
-e6
What is 120033 (base 4) in base 8?
3017
11fa8 (base 16) to base 11
50366
What is -1034 (base 16) in base 2?
-1000000110100
Convert -19 (base 10) to base 2.
-10011
Convert -3443 (base 6) to base 7.
-2250
Convert -330e (base 15) to base 7.
-43346
101d (base 15) to base 13
171a
-2211 (base 13) to base 3
-20111210
What is -11112 (base 3) in base 13?
-95
Convert -abd (base 14) to base 12.
-1293
-1040 (base 11) to base 7
-4003
40102 (base 6) to base 9
7142
5544 (base 7) to base 14
a24
1662 (base 13) to base 14
12b1
Convert -3179 (base 13) to base 12.
-3b78
What is c48 (base 16) in base 8?
6110
Convert 166 (base 11) to base 3.
21011
What is -6042 (base 12) in base 2?
-10100010110010
100101101 (base 2) to base 16
12d
Convert 76 (base 13) to base 4.
1201
-3aa8 (base 14) to base 7
-42101
What is -10011011010001 (base 2) in base 14?
-389b
15365 (base 10) to base 6
155045
20054 (base 13) to base 14
16